by p.
0
Suppose 5*i - 243 = -13. Let b = -405 + 771. What is the remainder when b is divided by i?
44
Suppose 180 = 4*y - 2*f, -36*y - 2*f = -34*y - 78. Calculate the remainder when 300 is divided by y.
42
Let u(z) = -2*z**2 + 20*z + 80. Suppose -5 - 5 = -b. Suppose 2*v = p + 29, -3*v - 2*p - b = -4*v. Calculate the remainder when u(11) is divided by v.
10
Let d(z) be the second derivative of -z**3/6 + 11*z**2/2 + 9*z - 7. Calculate the remainder when d(-9) is divided by 12.
8
Suppose -3*x = 2*d + 41 - 9, -d - 26 = 4*x. Calculate the remainder when (-8)/(24/315)*6/d is divided by 17.
12
Let a(w) be the third derivative of -w**4/8 - 7*w**3/2 + 103*w**2. Calculate the remainder when 128 is divided by a(-18).
29
Let l = -1350 - -1354. Suppose j = 5*p - 57 - 73, 2*p - 49 = j. Calculate the remainder when p is divided by l.
3
Suppose -2*i - 91*i + 655 = -1484. Calculate the remainder when 6669 is divided by i.
22
Let f = 136 + -87. Let j(x) = x**2 - 9*x - 56. Let d be j(0). What is the remainder when f is divided by d/98 - 558/(-21)?
23
Suppose 13*n - 64*n + 647 + 67 = 0. What is the remainder when n is divided by 59/5 - (-4)/20?
2
Let c(k) = -191*k + 784. Let l be c(5). Let g be 2 - 2 - (-1 + 0). What is the remainder when g - (l - (-2 - -2)) is divided by 35?
32
Let j = -284 + 226. Let i = j - -428. What is the remainder when i is divided by 62?
60
Let v be (((-27)/(-12))/(-3))/((-3)/144). Suppose -v + 20 = -4*x. Suppose x*q - 25 = 31. Calculate the remainder when q is divided by 6.
2
Let q be 2/4*(-84)/(-7). Let t(p) = 2*p**2 - 8*p + 1. Suppose 81*n = 2467 + 1340. What is the remainder when n is divided by t(q)?
22
Let r(l) = -11*l**3 - 12*l**2 - 21*l - 5. What is the remainder when 307 is divided by r(-2)?
76
Suppose 0 = 28*b - 105*b + 42*b + 3430. Calculate the remainder when 4212 is divided by b.
96
Suppose 4*k - 9*f - 17 = -10*f, -3*f - 1 = -k. Suppose -76 = 2*p - k*p. What is the remainder when 147 is divided by p?
33
Let k be 18/2 - (0 + 0). Let v = 63 + k. Let u(c) = -c**2 - 20*c - 21. What is the remainder when v is divided by u(-18)?
12
Let q(h) = -167*h + 62. Let p be q(4). Let l = p - -618. Calculate the remainder when 42 is divided by l.
6
Suppose 140 = 8*l + 164. Let h = l - -17. What is the remainder when 15 is divided by h?
1
Let n(i) = -7*i - 34*i + 12 + 5*i + 19. Let t be n(-6). Suppose 13*a = 117 + t. Calculate the remainder when 106 is divided by a.
22
Suppose 0*i = -2*i + 10. Suppose -s = 3*p - 15, 6 = 3*p + 9*s - 11*s. What is the remainder when i is divided by (-10)/((-28)/p - -2)?
1
Let v(f) = 83*f - 1738. Calculate the remainder when 505 is divided by v(22).
65
Let d(y) be the first derivative of -2*y**2 + 37*y - 7. Let v be d(8). What is the remainder when 34 is divided by ((-21)/(-15))/(1/v)?
6
Let y = 273 - 243. Suppose -y*w + 318 = -24*w. What is the remainder when w is divided by 18?
17
Let d(r) = 7*r**2 - 5*r - 13. Let y be d(-4). Suppose y*a = 117*a + 22. Let l = 22 - -9. What is the remainder when l is divided by a?
9
Suppose -2*o - 3*l + 22174 = 2*o, l = 2. What is the remainder when o is divided by 84?
82
Suppose -d = -4*l - 455, -130*d = -135*d - 4*l + 2251. Calculate the remainder when 4065 is divided by d.
6
Let n(s) = -s**2 + 10*s - 17. Let l be n(4). Suppose l - 42 = -5*r. What is the remainder when 9 is divided by r?
2
Let i = 4780 - 4558. What is the remainder when i is divided by 62?
36
Calculate the remainder when 738 is divided by (-63)/(-27) - (-440)/12.
36
Suppose -2 = u + x, -2*x = -5*u + 3168 - 3157. What is the remainder when (3 - 2)*(1 + 21) is divided by u?
0
Let m be 0/(4/(6 - 5)). Let d(x) = -x**3 + 6*x**2 + 3*x + 6. Let s be d(6). Calculate the remainder when 16 is divided by 3/18 + m + 212/s.
7
Let h be (99/(-3) - (-6)/(-18))*-3. Suppose -2*v - 2*a + 50 = 0, a = -4*v - 0*a + h. Calculate the remainder when 72 is divided by v.
22
Let j(d) = -6*d**2 - 33*d + 16. Let z(r) = -r**3 + 13*r**2 + 16*r - 7. What is the remainder when j(-5) is divided by z(14)?
10
Let r(n) = n**2 - n + 2. Let w be r(4). Calculate the remainder when 162 is divided by (-6)/3*(-287)/w.
39
What is the remainder when 2052/8*((-144)/126)/((-6)/7) is divided by 51?
36
Suppose 185*x = -224*x + 76755 + 21814. What is the remainder when 3373 is divided by x?
240
Suppose -2*z - 15*o = -13*o - 702, z - 375 = 3*o. What is the remainder when 725 is divided by z?
11
Let g = -195 - -218. Suppose 18*b - 157 = g. What is the remainder when (-1)/(-1) - (-49 + 1) is divided by b?
9
Suppose -c - 4*c = -5. Let t(h) = -66*h + 483. Calculate the remainder when t(7) is divided by c.
0
Let b(y) = 2*y**3 - 16*y**2 + 66*y - 105. What is the remainder when 179 is divided by b(5)?
29
Suppose 92632 + 90252 = 52*h. Suppose -29*j = -2979 - h. Calculate the remainder when j is divided by 76.
72
Suppose -127 = 3*l + 2*m - 937, 542 = 2*l + 2*m. What is the remainder when 9109 is divided by l?
265
Suppose 0 = -h - j + 2*j + 541, 0 = 2*j - 4. Calculate the remainder when h is divided by 91.
88
Let b = 5412 + -5390. Let u = 785 + -500. What is the remainder when u is divided by b?
21
Let o(m) = 53*m**2 + 344*m + 686. What is the remainder when 8186 is divided by o(-2)?
206
Suppose -23*p + 100*p - 770 = 0. Calculate the remainder when 71 is divided by p.
1
Let l = -11999 + 12742. Calculate the remainder when l is divided by 371.
1
Let f be (-2)/1*(3 + 28/(-8)). Let j(i) = 59*i - 42. Calculate the remainder when 253 is divided by j(f).
15
Suppose -56052 = 293*q - 812*q. Calculate the remainder when 723 is divided by q.
75
What is the remainder when 5/2*(-4836)/(-65) is divided by 102?
84
Calculate the remainder when 950 is divided by 233 + (14 - 19) + (4 - -2).
14
Suppose 1640 = 33*l - 23*l. Calculate the remainder when l is divided by (-80 + 82)*(-102)/(-4).
11
Let r be 40 + 0 - 3/1. Let y = r - 34. Calculate the remainder when 20 is divided by (10 - (y - -1)) + 1.
6
Calculate the remainder when 935 - (0 - -1)*(-10)/((-30)/9) is divided by 50.
32
Calculate the remainder when 161 is divided by -3*(-20)/(-24)*-24 - (-16)/(-4).
49
Let z = -4214 + 4304. Calculate the remainder when 362 is divided by z.
2
Suppose -l = -0*a + 3*a - 3, -5 = 2*a + 3*l. Calculate the remainder when 25 is divided by -1*(-40)/(-15)*(-1 - a).
1
What is the remainder when 183 is divided by (-2084)/(-24) - -11 - (17/6 - 3)?
85
Let w(c) = 2*c**3 + 14*c**2 + 34*c + 10. Let g be w(-8). Let k = g - -419. What is the remainder when k is divided by 22?
7
Let h = 576 + -908. Let s = h - -365. What is the remainder when 98 is divided by s?
32
Let a be (-688)/2 - (-19)/(209/66). Let x = 355 + a. What is the remainder when 1274 is divided by x?
16
Let l(p) = -10*p - 214. Let s be l(-11). Let n = 16 + 10. Calculate the remainder when 1 + (-16)/s + (-1636)/(-13) is divided by n.
23
Let q = 89 + -50. Let o(c) = -18*c - 15. Let g = 416 - 421. What is the remainder when o(g) is divided by q?
36
Suppose 228 = -2*i + 6*i. Let y = i + -56. Calculate the remainder when 19 is divided by y - -1 - (-24 - -16).
9
Let s be 42/8 - 10/40. Suppose -2*x = 3*b + b - 166, -170 = -2*x - s*b. Calculate the remainder when x is divided by ((-14)/(-77))/(15/3135).
37
Let a = -13 + 14. Let d(u) = -51*u - 455. Calculate the remainder when d(-9) is divided by a.
0
Suppose 29*i - 37*i + 480 = 0. What is the remainder when 447 is divided by (-2)/15 + 2708/i?
42
Let y(s) = -2*s**3 - 4*s**2 + 4*s + 6. Let z be -5*1/(5/(-3)). Suppose 0 = h - 3*h + g - 13, -z*g = -3*h - 24. What is the remainder when y(h) is divided by 23?
21
Suppose 5*j + 4*r = -18, -2*r = 65*j - 60*j + 4. Calculate the remainder when (-1 - 121)*3/(-6) is divided by j.
1
Let z(g) = -g + 14. Suppose 2*w = 68 - 62. Suppose 0*u - u = -w*v - 58, -v = 3*u - 154. Calculate the remainder when u is divided by z(0).
10
Suppose 69 = c - 4*f, 162*c = 166*c + 2*f - 312. Calculate the remainder when 3000 is divided by c.
74
Let q(s) = 18*s - 3. Let b(i) = -4*i + 3 + 7*i**2 - 8*i**2 + 2*i + i**3. Let d be b(2). Calculate the remainder when q(d) is divided by 26.
25
Suppose 18*m = 23*m + 910. Let p = m - -184. What is the remainder when 28 is divided by p?
0
Calculate the remainder when 295/(-75) + 4 + (-308921)/(-285) is divided by 4.
0
Let x(j) = -285*j - 14. Suppose -5 